 is the remainder when 31281171 is divided by 3533?
3522
Calculate the remainder when 106902 is divided by 11852.
234
Calculate the remainder when 174914 is divided by 5830.
14
Calculate the remainder when 3905859 is divided by 57.
48
What is the remainder when 286808 is divided by 20475?
158
Calculate the remainder when 517296 is divided by 51727.
26
What is the remainder when 142461 is divided by 335?
86
Calculate the remainder when 24913 is divided by 712.
705
What is the remainder when 382274 is divided by 157?
136
What is the remainder when 31049 is divided by 305?
244
Calculate the remainder when 637467 is divided by 447.
45
Calculate the remainder when 1378393 is divided by 51.
16
What is the remainder when 961550900 is divided by 93?
92
What is the remainder when 17284 is divided by 5715?
139
What is the remainder when 5383552 is divided by 57?
16
What is the remainder when 57254 is divided by 9509?
200
What is the remainder when 1321467 is divided by 2199?
2067
Calculate the remainder when 198538787 is divided by 294.
293
Calculate the remainder when 1195412 is divided by 132804.
176
Calculate the remainder when 639782 is divided by 49214.
0
What is the remainder when 324179419 is divided by 1022?
1019
Calculate the remainder when 18744911 is divided by 72.
71
What is the remainder when 5789933 is divided by 723734?
61
What is the remainder when 26949349 is divided by 6344?
37
Calculate the remainder when 55266176 is divided by 18422053.
17
Calculate the remainder when 324341 is divided by 108110.
11
What is the remainder when 355404 is divided by 17?
2
What is the remainder when 140803 is divided by 70316?
171
Calculate the remainder when 525993 is divided by 60.
33
What is the remainder when 12049630 is divided by 288?
286
What is the remainder when 577769 is divided by 7174?
3849
Calculate the remainder when 60615689 is divided by 15.
14
Calculate the remainder when 69613500 is divided by 414366.
12
Calculate the remainder when 269825 is divided by 125.
75
Calculate the remainder when 3659965 is divided by 7053.
6511
Calculate the remainder when 91638922 is divided by 5266.
5256
Calculate the remainder when 17205102 is divided by 8602541.
20
What is the remainder when 109351 is divided by 878?
479
What is the remainder when 4704666 is divided by 109?
8
Calculate the remainder when 1506994 is divided by 347.
320
What is the remainder when 13352497 is divided by 953749?
11
What is the remainder when 195720450 is divided by 2946?
2940
Calculate the remainder when 53580416 is divided by 10.
6
What is the remainder when 9392699 is divided by 388?
383
Calculate the remainder when 37553515 is divided by 2938.
2937
Calculate the remainder when 453663 is divided by 1043.
1001
Calculate the remainder when 62036508 is divided by 1952.
1948
What is the remainder when 53208952 is divided by 2960?
2952
What is the remainder when 3811053 is divided by 1270348?
9
What is the remainder when 2414242639 is divided by 5179?
5178
What is the remainder when 33482853 is divided by 33482845?
8
Calculate the remainder when 790838 is divided by 295.
238
What is the remainder when 10375656 is divided by 471?
468
Calculate the remainder when 3056173 is divided by 1456.
29
What is the remainder when 91955 is divided by 89?
18
Calculate the remainder when 852684 is divided by 936.
924
Calculate the remainder when 60017 is divided by 2727.
23
What is the remainder when 19932538 is divided by 1648?
1626
What is the remainder when 1569788 is divided by 1149?
254
What is the remainder when 2966438 is divided by 8934?
350
What is the remainder when 204214 is divided by 25509?
142
What is the remainder when 31213 is divided by 254?
225
What is the remainder when 1098441 is divided by 1019?
978
What is the remainder when 4550987 is divided by 138?
23
Calculate the remainder when 25649 is divided by 44.
41
What is the remainder when 787611 is divided by 196572?
1323
Calculate the remainder when 12554302 is divided by 263.
260
Calculate the remainder when 24860395 is divided by 552.
523
What is the remainder when 17469012 is divided by 1664?
340
Calculate the remainder when 3468552 is divided by 6722.
0
Calculate the remainder when 3463547 is divided by 149.
42
What is the remainder when 434448 is divided by 1279?
867
What is the remainder when 152271 is divided by 16894?
225
Calculate the remainder when 39912 is divided by 19930.
52
Calculate the remainder when 283264055 is divided by 77.
74
Calculate the remainder when 33505155 is divided by 328.
283
What is the remainder when 13089 is divided by 1283?
259
Calculate the remainder when 79819 is divided by 5700.
19
Calculate the remainder when 2945540 is divided by 799.
426
Calculate the remainder when 201123 is divided by 20062.
503
What is the remainder when 1129176 is divided by 81?
36
What is the remainder when 608504 is divided by 608155?
349
Calculate the remainder when 7735167 is divided by 17580.
17547
What is the remainder when 1252941 is divided by 308?
305
Calculate the remainder when 168387 is divided by 5071.
1044
What is the remainder when 576973 is divided by 288484?
5
Calculate the remainder when 932290 is divided by 464580.
3130
Calculate the remainder when 27373634 is divided by 93.
14
What is the remainder when 714934 is divided by 39695?
424
What is the remainder when 400907 is divided by 1474?
1453
What is the remainder when 1560005 is divided by 389549?
1809
What is the remainder when 7705846 is divided by 6?
4
What is the remainder when 25778 is divided by 24044?
1734
What is the remainder when 123295 is divided by 747?
40
Calculate the remainder when 335004 is divided by 167462.
80
Calculate the remainder when 56875609 is divided by 234056.
1
What is the remainder when 1521884 is divided by 3252?
3200
Calculate the remainder when 528804 is divided by 159.
129
What is the remainder when 1156679 is divided by 165222?
125
What is the remainder when 4006574 is divided by 801259?
279
Calculate the remainder when 1284931 is divided by 18622.
13
Calculate the remainder when 4289 is divided by 3778.
511
What is the remainder when 2134201 is divided by 975?
901
What is the remainder when 544429 is divided by 544146?
283
Calculate the remainder when 6061130 is divided by 77.
75
What is the remainder when 2384415 is divided by 834?
9
What is the remainder when 319902 is divided by 105655?
2937
Calculate the remainder when 1410879 is divided by 4199.
15
Calculate the remainder when 33577503 is divided by 20.
3
Calculate the remainder when 1330277 is divided by 1522.
49
Calculate the remainder when 510827 is divided by 2904.
2627
Calculate the remainder when 398220 is divided by 66364.
36
What is the remainder when 138768 is divided by 61?
54
What is the remainder when 113360 is divided by 285?
215
What is the remainder when 40464219 is divided by 20?
19
What is the remainder when 104809 is divided by 104527?
282
What is the remainder when 293533 is divided by 17?
11
Calculate the remainder when 8168655 is divided by 1663.
1662
What is the remainder when 966959 is divided by 412?
407
Calculate the remainder when 437631 is divided by 128.
127
Calculate the remainder when 27798673 is divided by 520.
513
Calculate the remainder when 16834827 is divided by 2073.
2067
Calculate the remainder when 146000 is divided by 48548.
356
What is the remainder when 14456115 is divided by 73?
71
Calculate the remainder when 51833426 is divided by 72.
50
Calculate the remainder when 970677 is divided by 107851.
18
What is the remainder when 55484 is divided by 231?
44
Calculate the remainder when 96960 is divided by 197.
36
What is the remainder when 112645 is divided by 1760?
5
Calculate the remainder when 2479061 is divided by 39982.
177
What is the remainder when 1266294 is divided by 97403?
55
What is the remainder when 11026 is divided by 5383?
260
What is the remainder when 352519 is divided by 16?
7
What is the remainder when 7753097 is divided by 1292181?
11
Calculate the remainder when 584188 is divided by 412.
384
Calculate the remainder when 377149 is divided by 1662.
1537
Calculate the remainder when 2096407 is divided by 1074.
1033
What is the remainder when 2727101 is divided by 118?
3
What is the remainder 